{"id":671,"date":"2025-08-30T14:03:16","date_gmt":"2025-08-30T14:03:16","guid":{"rendered":"https:\/\/aragos.myspace.si\/?page_id=671"},"modified":"2025-08-30T14:03:17","modified_gmt":"2025-08-30T14:03:17","slug":"novi-projekti","status":"publish","type":"page","link":"https:\/\/aragos.myspace.si\/?page_id=671","title":{"rendered":"NOVI Projekti"},"content":{"rendered":"\n<p>Dobrodo\u0161li na NETY AUDIO, kjer pesmi iz sveta angle\u0161ke pop glasbe! Na na\u0161em kanalu te \u010dakajo sve\u017ei hiti, aktualne uspe\u0161nice in vrhunski remiksi, ki bodo poskrbeli za pravo pop vzdu\u0161je kjerkoli \u017ee si.<\/p>\n\n\n\n<p><br>NETY AUDIO<br>Pop \u00b7 Hits \u00b7 Vibes&nbsp;<br>Pop vibes only&nbsp;<br>Fresh hits &amp; remixes&nbsp;<br>Your place for English pop&nbsp;<br>The best of English pop in one place<\/p>\n\n\n\n<p>Pridru\u017ei se na\u0161i skupnosti ljubiteljev angle\u0161ke pop glasbe in u\u017eivaj v kakovostnem izboru pesmi, ki ti bodo dvignile razpolo\u017eenje in ti popestrile dneve. Tukaj je vse, kar potrebuje\u0161 za pravo pop izku\u0161njo!<\/p>\n\n\n\n<figure class=\"wp-block-image size-full is-resized\"><img loading=\"lazy\" decoding=\"async\" width=\"1024\" height=\"1024\" src=\"https:\/\/aragos.myspace.si\/wp-content\/uploads\/2025\/08\/logo-1.png\" alt=\"\" class=\"wp-image-672\" style=\"width:631px;height:auto\" srcset=\"https:\/\/aragos.myspace.si\/wp-content\/uploads\/2025\/08\/logo-1.png 1024w, https:\/\/aragos.myspace.si\/wp-content\/uploads\/2025\/08\/logo-1-300x300.png 300w, https:\/\/aragos.myspace.si\/wp-content\/uploads\/2025\/08\/logo-1-150x150.png 150w, https:\/\/aragos.myspace.si\/wp-content\/uploads\/2025\/08\/logo-1-768x768.png 768w, https:\/\/aragos.myspace.si\/wp-content\/uploads\/2025\/08\/logo-1-480x480.png 480w\" sizes=\"auto, (max-width: 1024px) 100vw, 1024px\" \/><\/figure>\n\n\n\n<p><\/p>\n","protected":false},"excerpt":{"rendered":"<p>Dobrodo\u0161li na NETY AUDIO, kjer pesmi iz sveta angle\u0161ke pop glasbe! Na na\u0161em kanalu te \u010dakajo sve\u017ei hiti, aktualne uspe\u0161nice in vrhunski remiksi, ki bodo poskrbeli za pravo pop vzdu\u0161je<span class=\"more-button\"><a href=\"https:\/\/aragos.myspace.si\/?page_id=671\" class=\"more-link\">Continue reading<span class=\"screen-reader-text\">NOVI Projekti<\/span><\/a><\/span><\/p>\n","protected":false},"author":1,"featured_media":0,"parent":0,"menu_order":0,"comment_status":"closed","ping_status":"closed","template":"","meta":{"footnotes":""},"class_list":["post-671","page","type-page","status-publish","hentry"],"_links":{"self":[{"href":"https:\/\/aragos.myspace.si\/index.php?rest_route=\/wp\/v2\/pages\/671","targetHints":{"allow":["GET"]}}],"collection":[{"href":"https:\/\/aragos.myspace.si\/index.php?rest_route=\/wp\/v2\/pages"}],"about":[{"href":"https:\/\/aragos.myspace.si\/index.php?rest_route=\/wp\/v2\/types\/page"}],"author":[{"embeddable":true,"href":"https:\/\/aragos.myspace.si\/index.php?rest_route=\/wp\/v2\/users\/1"}],"replies":[{"embeddable":true,"href":"https:\/\/aragos.myspace.si\/index.php?rest_route=%2Fwp%2Fv2%2Fcomments&post=671"}],"version-history":[{"count":1,"href":"https:\/\/aragos.myspace.si\/index.php?rest_route=\/wp\/v2\/pages\/671\/revisions"}],"predecessor-version":[{"id":673,"href":"https:\/\/aragos.myspace.si\/index.php?rest_route=\/wp\/v2\/pages\/671\/revisions\/673"}],"wp:attachment":[{"href":"https:\/\/aragos.myspace.si\/index.php?rest_route=%2Fwp%2Fv2%2Fmedia&parent=671"}],"curies":[{"name":"wp","href":"https:\/\/api.w.org\/{rel}","templated":true}]}}