{"id":675,"date":"2025-08-30T14:12:00","date_gmt":"2025-08-30T14:12:00","guid":{"rendered":"https:\/\/aragos.myspace.si\/?page_id=675"},"modified":"2025-08-30T14:12:01","modified_gmt":"2025-08-30T14:12:01","slug":"o-nas","status":"publish","type":"page","link":"https:\/\/aragos.myspace.si\/?page_id=675","title":{"rendered":"O NAS"},"content":{"rendered":"\n<p>Aragos je kreativna ekipa, ki je poleti 2025 za\u010dela novo poglavje z jasnim ciljem ustvarjati zabavne, sve\u017ee in druga\u010dne vsebine za spletno publiko. V ospredju zgodbe sta <strong>Nejc Osredkar<\/strong> in <strong>Tian Mihovec<\/strong>, osrednja content creatorja in gonilna sila idej, ki stojita za videi, projekti in nor\u010dijami, ki jih spremljate na na\u0161em kanalu.<\/p>\n\n\n\n<p>Seveda Aragos ni samo \u201cdva modela pred kamero\u201d \u2013 za vsem stoji ekipa, ki s svojim znanjem in predanostjo gradi znamko Aragos. Brez njih bi na\u0161i videi ostali samo nedokon\u010dane ideje na papirju, tako pa skupaj ustvarjamo zgodbo, ki raste iz tedna v teden.<\/p>\n\n\n\n<p>Na\u0161 cilj je preprost \u2013 deliti smeh, kreativnost in dobre vibracije. Vsaka sobota ob 18:00 prina\u0161a nov video, poleg tega pa smo aktivni tudi na <strong>TikToku<\/strong> in <strong>Instagramu<\/strong>, kjer ujamete \u0161e ve\u010d na\u0161ih trenutkov in zakulisja.<\/p>\n\n\n\n<p>Aragos ni le kanal, ampak je ekipa, skupnost in zgodba o novih za\u010detkih, ki jih pi\u0161emo skupaj z vami.<\/p>\n\n\n\n<p>KONTAKTIRAJTE NAS:<br>gmail:\u00a0<a href=\"mailto:ourchannelboys@gmail.com\" target=\"_blank\" rel=\"noreferrer noopener\">ourchannelboys@gmail.com<\/a><br>instagram:\u00a0<a href=\"https:\/\/www.instagram.com\/aragosmusic\/\" target=\"_blank\" rel=\"noreferrer noopener\">@aragosmusic<\/a><br>tiktok:\u00a0<a href=\"https:\/\/www.tiktok.com\/@aragoss\" target=\"_blank\" rel=\"noreferrer noopener\">@aragoss<\/a><br>youtube: <a href=\"https:\/\/www.youtube.com\/@aragos47\" data-type=\"link\" data-id=\"https:\/\/www.youtube.com\/@aragos47\" target=\"_blank\" rel=\"noreferrer noopener\">@aragos47<\/a><\/p>\n\n\n\n<p>Odgovorimo vam v roku 7 delovnih dni.<\/p>\n\n\n\n<p><\/p>\n","protected":false},"excerpt":{"rendered":"<p>Aragos je kreativna ekipa, ki je poleti 2025 za\u010dela novo poglavje z jasnim ciljem ustvarjati zabavne, sve\u017ee in druga\u010dne vsebine za spletno publiko. V ospredju zgodbe sta Nejc Osredkar in<span class=\"more-button\"><a href=\"https:\/\/aragos.myspace.si\/?page_id=675\" class=\"more-link\">Continue reading<span class=\"screen-reader-text\">O NAS<\/span><\/a><\/span><\/p>\n","protected":false},"author":1,"featured_media":0,"parent":0,"menu_order":0,"comment_status":"closed","ping_status":"closed","template":"","meta":{"footnotes":""},"class_list":["post-675","page","type-page","status-publish","hentry"],"_links":{"self":[{"href":"https:\/\/aragos.myspace.si\/index.php?rest_route=\/wp\/v2\/pages\/675","targetHints":{"allow":["GET"]}}],"collection":[{"href":"https:\/\/aragos.myspace.si\/index.php?rest_route=\/wp\/v2\/pages"}],"about":[{"href":"https:\/\/aragos.myspace.si\/index.php?rest_route=\/wp\/v2\/types\/page"}],"author":[{"embeddable":true,"href":"https:\/\/aragos.myspace.si\/index.php?rest_route=\/wp\/v2\/users\/1"}],"replies":[{"embeddable":true,"href":"https:\/\/aragos.myspace.si\/index.php?rest_route=%2Fwp%2Fv2%2Fcomments&post=675"}],"version-history":[{"count":1,"href":"https:\/\/aragos.myspace.si\/index.php?rest_route=\/wp\/v2\/pages\/675\/revisions"}],"predecessor-version":[{"id":676,"href":"https:\/\/aragos.myspace.si\/index.php?rest_route=\/wp\/v2\/pages\/675\/revisions\/676"}],"wp:attachment":[{"href":"https:\/\/aragos.myspace.si\/index.php?rest_route=%2Fwp%2Fv2%2Fmedia&parent=675"}],"curies":[{"name":"wp","href":"https:\/\/api.w.org\/{rel}","templated":true}]}}